{"id":855,"date":"2019-09-12T20:20:13","date_gmt":"2019-09-12T20:20:13","guid":{"rendered":"http:\/\/vandaspengler.com\/?page_id=855"},"modified":"2022-06-29T21:49:18","modified_gmt":"2022-06-29T20:49:18","slug":"855-2","status":"publish","type":"page","link":"https:\/\/vandaspengler.com\/index.php\/855-2\/","title":{"rendered":"Le Rago\u00fbt des Damn\u00e9s"},"content":{"rendered":"\n<div class=\"wp-block-columns is-layout-flex wp-container-core-columns-is-layout-9d6595d7 wp-block-columns-is-layout-flex\">\n<div class=\"wp-block-column is-layout-flow wp-block-column-is-layout-flow\" style=\"flex-basis:100%\">\n<p>\u00ab\u00a0Nous ne courons pas vers la mort, nous fuyons la catastrophe de la naissance, nous nous d\u00e9menons, rescap\u00e9s qui essaient de l&rsquo;oublier. La peur de la mort n&rsquo;est que la projection dans l&rsquo;avenir d&rsquo;une peur qui remonte \u00e0 notre premier instant.\u00a0\u00bb<\/p>\n<p>Emil Cioran, De l&rsquo;inconv\u00e9nient d&rsquo;\u00eatre n\u00e9.<\/p>\n<p>\u00a0<\/p>\n<\/div>\n<\/div>\n\n\n\n<div class=\"wp-block-columns is-layout-flex wp-container-core-columns-is-layout-9d6595d7 wp-block-columns-is-layout-flex\">\n<div class=\"wp-block-column is-layout-flow wp-block-column-is-layout-flow\">\n<figure class=\"wp-block-gallery has-nested-images columns-default is-cropped wp-block-gallery-1 is-layout-flex wp-block-gallery-is-layout-flex\">\n<figure class=\"wp-block-image size-large\"><img loading=\"lazy\" decoding=\"async\" width=\"2560\" height=\"1709\" data-id=\"1538\" src=\"http:\/\/vandaspengler.com\/wp-content\/uploads\/2019\/09\/pietas28-copie-scaled.jpg\" alt=\"\" class=\"wp-image-1538\" srcset=\"https:\/\/vandaspengler.com\/wp-content\/uploads\/2019\/09\/pietas28-copie-scaled.jpg 2560w, https:\/\/vandaspengler.com\/wp-content\/uploads\/2019\/09\/pietas28-copie-600x400.jpg 600w, https:\/\/vandaspengler.com\/wp-content\/uploads\/2019\/09\/pietas28-copie-900x600.jpg 900w, https:\/\/vandaspengler.com\/wp-content\/uploads\/2019\/09\/pietas28-copie-300x200.jpg 300w, https:\/\/vandaspengler.com\/wp-content\/uploads\/2019\/09\/pietas28-copie-768x513.jpg 768w, https:\/\/vandaspengler.com\/wp-content\/uploads\/2019\/09\/pietas28-copie-1536x1025.jpg 1536w, https:\/\/vandaspengler.com\/wp-content\/uploads\/2019\/09\/pietas28-copie-2048x1367.jpg 2048w, https:\/\/vandaspengler.com\/wp-content\/uploads\/2019\/09\/pietas28-copie-1798x1200.jpg 1798w, https:\/\/vandaspengler.com\/wp-content\/uploads\/2019\/09\/pietas28-copie-272x182.jpg 272w\" sizes=\"auto, (max-width: 2560px) 100vw, 2560px\" \/><\/figure>\n<\/figure>\n<\/div>\n<\/div>\n\n\n\n<div class=\"wp-block-columns is-layout-flex wp-container-core-columns-is-layout-9d6595d7 wp-block-columns-is-layout-flex\">\n<div class=\"wp-block-column is-layout-flow wp-block-column-is-layout-flow\" style=\"flex-basis:100%\">\n<figure class=\"wp-block-image alignwide size-large is-style-default\"><img loading=\"lazy\" decoding=\"async\" width=\"1000\" height=\"668\" src=\"http:\/\/vandaspengler.com\/wp-content\/uploads\/2018\/05\/rago\u00fbt1.jpg\" alt=\"\" class=\"wp-image-954\" srcset=\"https:\/\/vandaspengler.com\/wp-content\/uploads\/2018\/05\/rago\u00fbt1.jpg 1000w, https:\/\/vandaspengler.com\/wp-content\/uploads\/2018\/05\/rago\u00fbt1-299x200.jpg 299w, https:\/\/vandaspengler.com\/wp-content\/uploads\/2018\/05\/rago\u00fbt1-600x400.jpg 600w, https:\/\/vandaspengler.com\/wp-content\/uploads\/2018\/05\/rago\u00fbt1-898x600.jpg 898w, https:\/\/vandaspengler.com\/wp-content\/uploads\/2018\/05\/rago\u00fbt1-272x182.jpg 272w\" sizes=\"auto, (max-width: 1000px) 100vw, 1000px\" \/><\/figure>\n<\/div>\n<\/div>\n\n\n\n<div class=\"wp-block-columns is-layout-flex wp-container-core-columns-is-layout-9d6595d7 wp-block-columns-is-layout-flex\">\n<div class=\"wp-block-column is-layout-flow wp-block-column-is-layout-flow\" style=\"flex-basis:100%\">\n<figure class=\"wp-block-image alignwide size-large\"><img loading=\"lazy\" decoding=\"async\" width=\"1500\" height=\"1500\" src=\"http:\/\/vandaspengler.com\/wp-content\/uploads\/2019\/09\/Le-ragou\u0302t-des-damne\u0301s-cp.jpg\" alt=\"\" class=\"wp-image-848\" srcset=\"https:\/\/vandaspengler.com\/wp-content\/uploads\/2019\/09\/Le-ragou\u0302t-des-damne\u0301s-cp.jpg 1500w, https:\/\/vandaspengler.com\/wp-content\/uploads\/2019\/09\/Le-ragou\u0302t-des-damne\u0301s-cp-200x200.jpg 200w, https:\/\/vandaspengler.com\/wp-content\/uploads\/2019\/09\/Le-ragou\u0302t-des-damne\u0301s-cp-400x400.jpg 400w, https:\/\/vandaspengler.com\/wp-content\/uploads\/2019\/09\/Le-ragou\u0302t-des-damne\u0301s-cp-600x600.jpg 600w, https:\/\/vandaspengler.com\/wp-content\/uploads\/2019\/09\/Le-ragou\u0302t-des-damne\u0301s-cp-1200x1200.jpg 1200w\" sizes=\"auto, (max-width: 1500px) 100vw, 1500px\" \/><\/figure>\n<\/div>\n<\/div>\n\n\n\n\n\n\n\n<div class=\"wp-block-columns is-layout-flex wp-container-core-columns-is-layout-9d6595d7 wp-block-columns-is-layout-flex\"><\/div>\n\n\n\n<div class=\"wp-block-columns is-layout-flex wp-container-core-columns-is-layout-9d6595d7 wp-block-columns-is-layout-flex\"><\/div>\n\n\n\n<div class=\"wp-block-columns is-layout-flex wp-container-core-columns-is-layout-9d6595d7 wp-block-columns-is-layout-flex\">\n<div class=\"wp-block-column is-layout-flow wp-block-column-is-layout-flow\" style=\"flex-basis:100%\">\n<figure class=\"wp-block-image alignwide size-large\"><img loading=\"lazy\" decoding=\"async\" width=\"1200\" height=\"1678\" src=\"http:\/\/vandaspengler.com\/wp-content\/uploads\/2019\/09\/le-ragou\u0302t-des-damne\u0301s2-cp.jpg\" alt=\"\" class=\"wp-image-847\" srcset=\"https:\/\/vandaspengler.com\/wp-content\/uploads\/2019\/09\/le-ragou\u0302t-des-damne\u0301s2-cp.jpg 1200w, https:\/\/vandaspengler.com\/wp-content\/uploads\/2019\/09\/le-ragou\u0302t-des-damne\u0301s2-cp-143x200.jpg 143w, https:\/\/vandaspengler.com\/wp-content\/uploads\/2019\/09\/le-ragou\u0302t-des-damne\u0301s2-cp-286x400.jpg 286w, https:\/\/vandaspengler.com\/wp-content\/uploads\/2019\/09\/le-ragou\u0302t-des-damne\u0301s2-cp-429x600.jpg 429w, https:\/\/vandaspengler.com\/wp-content\/uploads\/2019\/09\/le-ragou\u0302t-des-damne\u0301s2-cp-858x1200.jpg 858w\" sizes=\"auto, (max-width: 1200px) 100vw, 1200px\" \/><\/figure>\n<\/div>\n<\/div>\n\n\n\n<figure class=\"wp-block-image alignwide size-large\"><img loading=\"lazy\" decoding=\"async\" width=\"1000\" height=\"661\" src=\"http:\/\/vandaspengler.com\/wp-content\/uploads\/2019\/09\/Le-ragou\u0302t-des-damne\u0301s4-cp.jpg\" alt=\"\" class=\"wp-image-844\" srcset=\"https:\/\/vandaspengler.com\/wp-content\/uploads\/2019\/09\/Le-ragou\u0302t-des-damne\u0301s4-cp.jpg 1000w, https:\/\/vandaspengler.com\/wp-content\/uploads\/2019\/09\/Le-ragou\u0302t-des-damne\u0301s4-cp-303x200.jpg 303w, https:\/\/vandaspengler.com\/wp-content\/uploads\/2019\/09\/Le-ragou\u0302t-des-damne\u0301s4-cp-600x397.jpg 600w, https:\/\/vandaspengler.com\/wp-content\/uploads\/2019\/09\/Le-ragou\u0302t-des-damne\u0301s4-cp-900x595.jpg 900w\" sizes=\"auto, (max-width: 1000px) 100vw, 1000px\" \/><\/figure>\n\n\n\n<figure class=\"wp-block-image alignwide size-large\"><img loading=\"lazy\" decoding=\"async\" width=\"1000\" height=\"1472\" src=\"http:\/\/vandaspengler.com\/wp-content\/uploads\/2019\/09\/le-ragou\u0302t-des-damne\u0301s3cp.jpg\" alt=\"\" class=\"wp-image-845\" srcset=\"https:\/\/vandaspengler.com\/wp-content\/uploads\/2019\/09\/le-ragou\u0302t-des-damne\u0301s3cp.jpg 1000w, https:\/\/vandaspengler.com\/wp-content\/uploads\/2019\/09\/le-ragou\u0302t-des-damne\u0301s3cp-136x200.jpg 136w, https:\/\/vandaspengler.com\/wp-content\/uploads\/2019\/09\/le-ragou\u0302t-des-damne\u0301s3cp-272x400.jpg 272w, https:\/\/vandaspengler.com\/wp-content\/uploads\/2019\/09\/le-ragou\u0302t-des-damne\u0301s3cp-408x600.jpg 408w, https:\/\/vandaspengler.com\/wp-content\/uploads\/2019\/09\/le-ragou\u0302t-des-damne\u0301s3cp-815x1200.jpg 815w\" sizes=\"auto, (max-width: 1000px) 100vw, 1000px\" \/><\/figure>\n\n\n\n<p><\/p>\n\n\n\n<figure class=\"wp-block-gallery has-nested-images columns-default is-cropped wp-block-gallery-2 is-layout-flex wp-block-gallery-is-layout-flex\"><\/figure>\n\n\n\n<figure class=\"wp-block-gallery has-nested-images columns-1 is-cropped wp-block-gallery-3 is-layout-flex wp-block-gallery-is-layout-flex\">\n<figure class=\"wp-block-image size-full\"><img loading=\"lazy\" decoding=\"async\" width=\"5355\" height=\"4016\" data-id=\"1134\" src=\"http:\/\/vandaspengler.com\/wp-content\/uploads\/2021\/08\/hainamoration6.jpg\" alt=\"\" class=\"wp-image-1134\" srcset=\"https:\/\/vandaspengler.com\/wp-content\/uploads\/2021\/08\/hainamoration6.jpg 5355w, https:\/\/vandaspengler.com\/wp-content\/uploads\/2021\/08\/hainamoration6-267x200.jpg 267w, https:\/\/vandaspengler.com\/wp-content\/uploads\/2021\/08\/hainamoration6-533x400.jpg 533w, https:\/\/vandaspengler.com\/wp-content\/uploads\/2021\/08\/hainamoration6-800x600.jpg 800w, https:\/\/vandaspengler.com\/wp-content\/uploads\/2021\/08\/hainamoration6-1600x1200.jpg 1600w\" sizes=\"auto, (max-width: 5355px) 100vw, 5355px\" \/><\/figure>\n\n\n\n<figure class=\"wp-block-image size-full\"><img loading=\"lazy\" decoding=\"async\" width=\"4016\" height=\"6016\" data-id=\"1082\" src=\"http:\/\/vandaspengler.com\/wp-content\/uploads\/2019\/09\/DSC_0723-copie.jpg\" alt=\"\" class=\"wp-image-1082\" srcset=\"https:\/\/vandaspengler.com\/wp-content\/uploads\/2019\/09\/DSC_0723-copie.jpg 4016w, https:\/\/vandaspengler.com\/wp-content\/uploads\/2019\/09\/DSC_0723-copie-134x200.jpg 134w, https:\/\/vandaspengler.com\/wp-content\/uploads\/2019\/09\/DSC_0723-copie-267x400.jpg 267w, https:\/\/vandaspengler.com\/wp-content\/uploads\/2019\/09\/DSC_0723-copie-401x600.jpg 401w, https:\/\/vandaspengler.com\/wp-content\/uploads\/2019\/09\/DSC_0723-copie-801x1200.jpg 801w\" sizes=\"auto, (max-width: 4016px) 100vw, 4016px\" \/><\/figure>\n\n\n\n<figure class=\"wp-block-image size-full\"><img loading=\"lazy\" decoding=\"async\" width=\"3382\" height=\"4509\" data-id=\"1081\" src=\"http:\/\/vandaspengler.com\/wp-content\/uploads\/2019\/09\/DSC_0693-copie.jpg\" alt=\"\" class=\"wp-image-1081\" srcset=\"https:\/\/vandaspengler.com\/wp-content\/uploads\/2019\/09\/DSC_0693-copie.jpg 3382w, https:\/\/vandaspengler.com\/wp-content\/uploads\/2019\/09\/DSC_0693-copie-150x200.jpg 150w, https:\/\/vandaspengler.com\/wp-content\/uploads\/2019\/09\/DSC_0693-copie-300x400.jpg 300w, https:\/\/vandaspengler.com\/wp-content\/uploads\/2019\/09\/DSC_0693-copie-450x600.jpg 450w, https:\/\/vandaspengler.com\/wp-content\/uploads\/2019\/09\/DSC_0693-copie-900x1200.jpg 900w\" sizes=\"auto, (max-width: 3382px) 100vw, 3382px\" \/><\/figure>\n\n\n\n<figure class=\"wp-block-image size-full\"><img loading=\"lazy\" decoding=\"async\" width=\"1805\" height=\"1205\" data-id=\"1058\" src=\"http:\/\/vandaspengler.com\/wp-content\/uploads\/2019\/09\/vandaspengler20.jpg\" alt=\"\" class=\"wp-image-1058\" srcset=\"https:\/\/vandaspengler.com\/wp-content\/uploads\/2019\/09\/vandaspengler20.jpg 1805w, https:\/\/vandaspengler.com\/wp-content\/uploads\/2019\/09\/vandaspengler20-300x200.jpg 300w, https:\/\/vandaspengler.com\/wp-content\/uploads\/2019\/09\/vandaspengler20-600x400.jpg 600w, https:\/\/vandaspengler.com\/wp-content\/uploads\/2019\/09\/vandaspengler20-900x600.jpg 900w, https:\/\/vandaspengler.com\/wp-content\/uploads\/2019\/09\/vandaspengler20-1798x1200.jpg 1798w, https:\/\/vandaspengler.com\/wp-content\/uploads\/2019\/09\/vandaspengler20-272x182.jpg 272w\" sizes=\"auto, (max-width: 1805px) 100vw, 1805px\" \/><\/figure>\n<\/figure>\n\n\n\n<div class=\"wp-block-columns is-layout-flex wp-container-core-columns-is-layout-9d6595d7 wp-block-columns-is-layout-flex\"><\/div>\n\n\n\n\n\n\n\n<figure class=\"wp-block-gallery has-nested-images columns-default is-cropped wp-block-gallery-4 is-layout-flex wp-block-gallery-is-layout-flex\"><\/figure>\n\n\n\n<figure class=\"wp-block-gallery has-nested-images columns-default is-cropped wp-block-gallery-5 is-layout-flex wp-block-gallery-is-layout-flex\"><\/figure>\n\n\n\n<figure class=\"wp-block-gallery has-nested-images columns-default is-cropped wp-block-gallery-6 is-layout-flex wp-block-gallery-is-layout-flex\"><\/figure>\n\n\n\n<figure class=\"wp-block-gallery has-nested-images columns-default is-cropped wp-block-gallery-7 is-layout-flex wp-block-gallery-is-layout-flex\"><\/figure>\n\n\n\n<figure class=\"wp-block-gallery has-nested-images columns-default is-cropped wp-block-gallery-8 is-layout-flex wp-block-gallery-is-layout-flex\"><\/figure>\n","protected":false},"excerpt":{"rendered":"<p>\u00ab\u00a0Nous ne courons pas vers la mort, nous fuyons la catastrophe de la naissance, nous nous d\u00e9menons, rescap\u00e9s qui essaient de l&rsquo;oublier. La peur de la mort n&rsquo;est que la projection dans l&rsquo;avenir d&rsquo;une peur qui remonte \u00e0 notre premier instant.\u00a0\u00bb Emil Cioran, De l&rsquo;inconv\u00e9nient d&rsquo;\u00eatre n\u00e9. \u00a0<\/p>\n","protected":false},"author":2,"featured_media":0,"parent":0,"menu_order":0,"comment_status":"closed","ping_status":"closed","template":"about.php","meta":{"footnotes":""},"class_list":["post-855","page","type-page","status-publish","hentry"],"_links":{"self":[{"href":"https:\/\/vandaspengler.com\/index.php\/wp-json\/wp\/v2\/pages\/855","targetHints":{"allow":["GET"]}}],"collection":[{"href":"https:\/\/vandaspengler.com\/index.php\/wp-json\/wp\/v2\/pages"}],"about":[{"href":"https:\/\/vandaspengler.com\/index.php\/wp-json\/wp\/v2\/types\/page"}],"author":[{"embeddable":true,"href":"https:\/\/vandaspengler.com\/index.php\/wp-json\/wp\/v2\/users\/2"}],"replies":[{"embeddable":true,"href":"https:\/\/vandaspengler.com\/index.php\/wp-json\/wp\/v2\/comments?post=855"}],"version-history":[{"count":21,"href":"https:\/\/vandaspengler.com\/index.php\/wp-json\/wp\/v2\/pages\/855\/revisions"}],"predecessor-version":[{"id":1560,"href":"https:\/\/vandaspengler.com\/index.php\/wp-json\/wp\/v2\/pages\/855\/revisions\/1560"}],"wp:attachment":[{"href":"https:\/\/vandaspengler.com\/index.php\/wp-json\/wp\/v2\/media?parent=855"}],"curies":[{"name":"wp","href":"https:\/\/api.w.org\/{rel}","templated":true}]}}